. What is the greatest common factor of f and g?
15
Let i(z) = -27*z - 1. Let b be i(-1). Let t be (-39)/(3/9*-3). Suppose 5*x = 2*x + t. What is the highest common factor of x and b?
13
Let i be (16/(-5))/(4/(-10)). Suppose -4*b - i*l + 40 = -4*l, l - 23 = -2*b. Suppose -3*q + 340 = -11. What is the highest common divisor of b and q?
13
Suppose 9*m - 242 = 1. Calculate the highest common divisor of m and 18.
9
Suppose -165 = 5*l + k, 66 = -2*l - 3*k - 0*k. Let r = l + 83. What is the highest common factor of 5 and r?
5
Let g be ((-7)/(-21))/((-1)/(-63)). Let r = g + -13. What is the highest common factor of r and 64?
8
Let i(s) = 19*s**3 - s**2 + 2*s - 1. Let m be i(1). Let o = 27 - m. Suppose 2*u = 4, -192 = -9*q + 4*q + 4*u. What is the greatest common factor of q and o?
8
Let l(r) = r + 1. Let k be l(4). Suppose 0 = 2*s + 3 + k, 5*s = 4*n - 164. What is the greatest common divisor of n and 4?
4
Suppose 14*p - 8 = 132. What is the greatest common factor of p and 30?
10
Let w be ((-9)/(-12))/(3/(-48)). Let f = 56 + w. Calculate the greatest common factor of f and 4.
4
Let s be (-1)/(2/(0 + -2)). Let o(c) = 134*c**3 + c**2. Let m be o(s). What is the greatest common divisor of m and 15?
15
Suppose -4*a - 4*r = -a - 37, -4*r + 23 = a. Let f be (-6)/9 - (-214)/6. Suppose -n = -0*n - f. What is the greatest common divisor of n and a?
7
Let y = 0 - 9. Let t be (-2)/(-3) + 60/y. Let g be 11 - (t - -2)/2. What is the greatest common factor of 117 and g?
13
Let m(y) = y**2 + 5*y + 1. Suppose 3*w + w + 24 = 0. Let u be m(w). Let v = 61 - 12. Calculate the greatest common divisor of u and v.
7
Suppose -3*b = -5*b - 1160. Let w be b/(-16) - (-1)/(-4). Suppose -u + 0*u = y - 9, 0 = 4*y - 2*u - w. Calculate the highest common factor of 9 and y.
9
Let b(c) = c**2 - 4*c - 2 + 3 - 1. Let r = 2 + -8. Let z be b(r). Calculate the greatest common factor of 12 and z.
12
Let s = -2 - -3. Let k be (12/(-9))/(s/(-33)). Let f(r) = 2*r - 1. Let u be f(6). What is the highest common factor of k and u?
11
Let i(q) = q**3 + 5*q**2 - q + 2. Let u be i(-5). Suppose 117 = 2*g + x, -g = -x - x - 46. What is the highest common factor of u and g?
7
Let i(g) = -g**3 + 10*g**2 + 2*g - 11. Let n be i(10). Suppose -n*z + 416 = -5*z. Calculate the greatest common factor of 13 and z.
13
Suppose -5*t = -2 - 3, -t = -n. Let r(p) = -p**2 + 3*p + 53. Let f be r(9). Let x be 10*(f/(-1) + n). Calculate the highest common divisor of x and 10.
10
Let g be (-3 + -1)*1 - -4. Suppose -3*j + 197 = 4*n, 5*n - 136 = -g*j - 2*j. Calculate the greatest common factor of j and 9.
9
Let p = -7 - -11. Suppose -p*g + 7 = -41. Suppose 4*o = 3*j - j - 236, -4*j = -2*o - 442. What is the highest common divisor of g and j?
12
Let x = 4 + 2. Suppose 2*a - a - x = -4*n, 3 = n + a. Suppose -4*v + 5*t = -n - 1, -2 = 2*v - 4*t. Calculate the highest common divisor of 33 and v.
3
Let b be -1*(3 + -12 + -2). Let k(q) = 2*q - 3. Let c be k(2). What is the greatest common divisor of b and c?
1
Suppose -2*q - 2*u - 3*u = -183, 0 = -3*q - 3*u + 261. Let y be (1 + 13)/(2/(-4)). Let d = y + 40. What is the highest common factor of q and d?
12
Let l(m) = 7*m + 25. Let f be l(0). Calculate the greatest common factor of f and 275.
25
Let x(g) = -g**3 - 5*g**2 + 5*g + 1. Let u = -15 + 10. Let i be x(u). Let q be i/(-14)*42/4. What is the greatest common factor of 2 and q?
2
Let w(p) = -p**3 + p**2 + p. Let q be w(1). Let v = q - -20. Calculate the highest common divisor of 7 and v.
7
Suppose -q - 37 = -3*z - 93, 3*q - 5*z = 152. Calculate the greatest common divisor of q and 11.
11
Let a be 16 + -2 - 20/10. Calculate the highest common divisor of a and 20.
4
Suppose 3*q - 1 - 2 = 0. Let d be 7/14*(q + 159). What is the greatest common factor of d and 16?
16
Let k be 444/(-20)*-3 - 3/5. What is the highest common factor of 6 and k?
6
Suppose 0 = -2*h + 3 - 7. Let m = h - 0. Let i be (-77)/m + 6/4. What is the highest common divisor of i and 16?
8
Suppose -348 = -u - u. Suppose -5*n + 201 = -3*i, -3*n - 2*i + u = n. What is the greatest common factor of 14 and n?
14
Suppose 10*x = 8*x + 10. Calculate the highest common factor of 20 and x.
5
Let v be 1 + -1 - (115 - -1)*-1. What is the greatest common divisor of v and 29?
29
Suppose 110 = 3*x - 4*h, 0 = 2*x + 2*h + 11 - 75. Calculate the highest common factor of 51 and x.
17
Let q = -5 - -8. What is the greatest common factor of 24 and q?
3
Let j = 41 + -619. Let v be j/(-4) + 2/(-4). Suppose -4*u + 48 = -u. Calculate the greatest common divisor of v and u.
16
Let g be (-4 - 0)*(1 + 79/(-2)). What is the greatest common divisor of g and 14?
14
Let d be -9 + 15 + (-1 - 1). Suppose 4*a = 3*y - 12 + 99, 99 = d*a + y. Calculate the greatest common factor of 3 and a.
3
Let m(v) = 3*v**2. Let c be m(2). Suppose 5*u - 96 = -2*b - 2*b, 96 = 4*b - 4*u. What is the greatest common divisor of b and c?
12
Suppose s = 2*l - 2*s - 189, 0 = 5*s - 15. Let r = 14 + -5. What is the greatest common factor of r and l?
9
Let z = 2 - 0. Suppose -5*u + 70 = 5*x - 8*x, -3*u + z*x = -42. Calculate the greatest common factor of 21 and u.
7
Let a be (-1 - (-2 - -1)) + 3. Suppose -5*v + 2 = 4*r, a*v - 1 = -5*r - 5. Suppose -v*n + n + 24 = 0. Calculate the highest common factor of 6 and n.
6
Suppose 0 = 4*h - 5*c + 6, -4*h - c + 5*c - 4 = 0. Suppose -4*t + 35 = -h. Suppose -21 = -2*b - t. Calculate the highest common divisor of b and 9.
3
Let m(k) = 8*k - 12. Let z be m(9). Calculate the highest common factor of z and 24.
12
Let d be ((-6)/(-9)*9)/2. Calculate the greatest common factor of 12 and d.
3
Let h be (1 + -7)*2/(-3). Let w = 10 + -2. What is the highest common factor of h and w?
4
Let d(b) = 6*b + 86. Let h be d(-9). Let c = 68 - 20. Calculate the greatest common divisor of h and c.
16
Suppose 0 = 3*k, 0*k = -z - 4*k - 17. Let g = z - -42. Calculate the highest common divisor of g and 10.
5
Suppose -v + 0*v + 3*r = 16, 0 = -2*v + 3*r - 17. Let w = 2 - v. Calculate the highest common factor of w and 24.
3
Let i(v) = 122*v - 4. Let w be i(2). Calculate the greatest common factor of 30 and w.
30
Let q = 126 - 90. What is the highest common factor of 24 and q?
12
Let d be 6/4*(-20)/(-6). Calculate the greatest common factor of 35 and d.
5
Suppose -36 = -4*q + 40. What is the greatest common divisor of 19 and q?
19
Suppose -2*y - 2*y + 16 = 0. Suppose -16 = -3*w - y. What is the greatest common factor of w and 10?
2
Let t(k) = 5*k**2. Let m be t(1). What is the greatest common divisor of m and 20?
5
Suppose 5*t - 751 + 76 = 0. Calculate the highest common divisor of 15 and t.
15
Let h be ((-76)/(-3))/(18/27). What is the greatest common factor of 19 and h?
19
Suppose 15*f + 30 = 16*f. What is the greatest common divisor of 15 and f?
15
Suppose -v - c + 3 = -6, 2*c + 2 = 0. What is the greatest common factor of v and 80?
10
Let u(a) = -a**2 + 8*a + 6. Let c be u(8). Let i be ((-16)/(-6))/(3/27). What is the greatest common factor of c and i?
6
Let q(i) = -i**2 - 10*i - 1. Let v be q(-4). Let n be (39/(-6))/(2/4). Let h = v + n. What is the greatest common divisor of h and 100?
10
Let c be -5*1 + 10 + -6. Let p(j) = -26*j + 2. Let g be p(c). What is the greatest common factor of 42 and g?
14
Let b(u) = u**3 - 6*u**2 + 6*u. Let t be b(4). Let g be (t/4)/(2/(-110)). Calculate the highest common factor of 10 and g.
10
Let y(b) = 52*b - 3. Let t be y(4). Suppose -73 - t = -2*s. Let z be 1/4 - s/(-4). What is the highest common factor of 5 and z?
5
Let b(d) = -5*d - 5. Let t be b(-5). Let n = t + -5. Let j = 293 + -158. What is the highest common divisor of j and n?
15
Let m = -17 + 8. Let x = m + 22. Let t(r) = 19*r**3 - r**2 - 2*r - 1. Let h be t(2). What is the highest common factor of x and h?
13
Let x(u) = 2*u - 3*u**2 + 0*u - u + 4*u**2. Let l be x(-3). Calculate the greatest common divisor of l and 12.
6
Let n = -11 + 27. Suppose -5*t = -5*y + 70, -3*t - 60 = -4*y - t. What is the greatest common divisor of n and y?
16
Let o = -2 - -4. Suppose -o*v = -6*v + 396. Let s be (2 - 4 - 0) + 13. What is the greatest common divisor of v and s?
11
Suppose 4*v + 9 = 5*f - 0, -5*v - 6 = -f. Calculate the highest common factor of 11 and f.
1
Let x be (-3 - -41) + (2 - 0). What is the highest common diviso